c) be the first derivative of c**2/2 + c - 2. Let v(f) = 6*f + 14. Let w be v(-3). Determine j(w).
-3
Let l(u) be the first derivative of 7*u**3/3 - u**2 + u - 13. What is l(1)?
6
Suppose 0*q - z = -2*q + 15, -q = -z - 10. Let f(a) be the second derivative of a**5/20 - a**4/2 + 5*a**3/6 - a**2/2 + 3*a. What is f(q)?
-1
Let j(a) be the first derivative of -1/2*a**2 - 1/2*a**4 + 2*a + 2/3*a**3 - 2. Determine j(2).
-8
Let l = -23 - -33. Suppose 0*w = 2*w - l. Let c(j) be the second derivative of j**4/12 - j**3 - j**2/2 - j. Give c(w).
-6
Suppose -4*x + 3*x - 4 = 0. Let a = 10 + x. Let s(k) = 121*k - 8 + 4 - 120*k. Calculate s(a).
2
Let o(x) = x - 6. Let b be o(10). Let j(k) be the second derivative of 5/6*k**3 - 2*k - 1/12*k**4 + 2*k**2 + 0. Give j(b).
8
Suppose 0 = -4*r + 9 - 1. Let h(j) = -7 - r*j - 2*j + 5*j. Determine h(5).
-2
Suppose 0*x - 4*x = -8. Let w(q) = 5*q**2 + 8*q + 1 - 4*q**x - 2 - 3*q. Calculate w(-6).
5
Suppose -2*q - 3*v = -11, -4*q = -2*v - 2*v - 52. Let o(h) = h - 7. What is o(q)?
3
Let p be 2*(9/6)/3. Let g(k) = k**2. Calculate g(p).
1
Let a(r) = -6*r - 3. Suppose -8*n = -9 - 23. Calculate a(n).
-27
Let b(i) = -i - 6. Let g be b(-6). Suppose 5*j = -4*f, 33 = -5*f - g*f + 2*j. Let p(m) = -34*m**2 - 58*m + 7 + 65*m + 35*m**2. Determine p(f).
-3
Let d = -2 + 9. Let o(x) = 3 + d + 2*x - 4 - 1. Calculate o(-6).
-7
Let z(m) = -12 - m**2 + 3 + 2*m + 7. Give z(4).
-10
Suppose -30*c + 25*c + 15 = 0. Let p(i) = 2*i**2 - i + 1. Give p(c).
16
Let b(p) = 3*p - 10. Suppose 3 = z - 2. Let s(j) = 2*j - 9. Let o(c) = z*s(c) - 4*b(c). Give o(-4).
3
Let o(z) be the third derivative of -z**4/24 + 3*z**3/2 + 3*z**2 + 4. Let p = 10 - 16. Let v = -1 - p. Give o(v).
4
Let n(c) = -8 + 5*c - 2*c - 2*c. Let j be n(8). Let s(x) = -x - 1. Give s(j).
-1
Let h(i) = i**2 + 5*i - 5. Suppose 12 = -4*r, q + 4*r + 0*r + 18 = 0. Calculate h(q).
1
Let z(t) = t**2 + t - 1 - 2 + 11. Suppose 5*g - 3*v = 87, -4*g - 2*v = -16 - 36. Suppose -4*l - 9 = -3*x - 0, 3*l = -5*x + g. What is z(l)?
8
Let r(w) = w**3 + 10*w**2 - 9*w + 24. Let z be r(-11). Let v(m) be the second derivative of -2*m - 1/12*m**4 + 0 - 1/6*m**3 + 0*m**2. Give v(z).
-6
Let p(t) = -t**2 - 3*t + 5. Let r be p(-4). Let w be -3 - (-8 - (0 + -1)). Let f(i) = -2*i + i + 2*i**2 - r + 0*i**2 - w*i**2. What is f(-2)?
-7
Let v(d) = -d**3 - 5*d**2 - 5*d - 3. Let h(o) be the second derivative of -o**3/6 + 9*o**2/2 - 3*o. Let z be h(13). Give v(z).
1
Let g be 10/6*(1 - 4). Let s be (-9 - g)/(2 - 4). Let c(r) = -r - 2. Give c(s).
-4
Let f(m) be the third derivative of -m**4/24 - m**3 - 40*m**2. What is f(0)?
-6
Let i(u) be the third derivative of -1/15*u**5 + 1/120*u**6 + 0*u - 1/3*u**3 + 0*u**4 + 4*u**2 + 0. Calculate i(4).
-2
Let p(m) = -5*m - 5. Let v(h) = -16*h - 14. Let g(b) = -8*p(b) + 3*v(b). Calculate g(2).
-18
Suppose 2 + 0 = -t. Let i(w) = -w**2 + 5*w + 4. Let m be i(5). Let g(n) = m*n**3 + 15 - 5*n**3 - 15. What is g(t)?
8
Let k = -70 - -63. Let y(c) = -3*c + 8. What is y(k)?
29
Suppose 0 = -h - 0 + 2. Let r(w) = -w**3 + 5*w**h - 3*w**2 - 4 + 3*w**2 + w + 0*w**2. Determine r(5).
1
Suppose -2 + 5 = x. Let f(l) = -3*l + 3. Give f(x).
-6
Let h be (-2)/13 - (-123)/39. Let f(t) = 2*t**2 + t - 2. Determine f(h).
19
Suppose 16 = -4*y, -4*w + w - 4*y - 7 = 0. Let p(m) = 4*m**2 - m + 1. Let z be p(1). Suppose -w = -z*d + d. Let g(k) = -k**2 + k. Calculate g(d).
0
Suppose -5*b = -0*b - 15. Let x(m) = m**2 - m. Determine x(b).
6
Let z(c) be the first derivative of c**5/60 - c**3/3 + c**2/2 - 2. Let h(j) be the second derivative of z(j). Suppose -3*t = 6 - 0. Give h(t).
2
Let s(l) be the third derivative of -l**4/24 + l**3/6 - 2*l**2 + 22. Determine s(3).
-2
Let l(w) = -w**2 + 4*w - 3. Let y(h) = h**2 - 5*h + 2. Let b(k) = 2*l(k) + 3*y(k). What is b(7)?
0
Suppose -k - 23 = 5*n, -n - 27 = -k + 2*k. Let g = k - -29. Let z(c) = 5*c**3 + 2*c**2 - 2*c + 1. What is z(g)?
6
Let o = -38 - -43. Let r(n) = n**2 + n - 1. Let d(s) = -s**3 + 9*s**2 + 5*s - 6. Let c(q) = -d(q) + 4*r(q). Determine c(o).
-3
Let s(f) = f + 8. Let n be ((-32)/(-10) - 2)*-5. Let o be s(n). Let g = -3 + o. Let i(a) = a**2 + a + 1. Determine i(g).
1
Let a(f) be the second derivative of -f**4/2 - 3*f**3 + 4*f**2 + 5*f. Let s(y) = 2*y**2 + 6*y - 3. Let q(j) = -4*a(j) - 11*s(j). Give q(-4).
9
Let r(d) = 3*d**2 - 17*d**2 + 5*d**2 - 2 + 8*d**2 - 6*d. Calculate r(-3).
7
Let s(m) be the second derivative of -m**3/2 + 2*m**2 + 2*m. What is s(-4)?
16
Let j(u) = 3*u**2 + 29*u + 3. Let c(g) = 2*g**2 + 19*g + 2. Suppose 4*k + 3*q = 11 - 0, 0 = k + 3*q + 4. Let t(o) = k*j(o) - 8*c(o). What is t(-5)?
9
Let b(y) = -y**3 - 3*y**2 + 2*y + 4. Suppose -5 = -p - 0, 3*p = -2*a + 9. What is b(a)?
-2
Let t = 10 - 12. Let k(f) = f**3 + 2*f**2 - 2. What is k(t)?
-2
Let t(j) = -j**3 - 9*j**2 - 9*j. Let z be t(-8). Let g = z + -6. Let i(n) = -2*n - 2*n**2 + 8 - 11 + 4*n. Determine i(g).
-7
Let f(h) be the third derivative of h**6/120 - 2*h**5/15 + h**4/24 - 2*h**3/3 - 18*h**2. Calculate f(8).
4
Let o(b) = b**3 - 3*b**2 - b - 5. Suppose -4*h = -7*h + 12. Calculate o(h).
7
Let t = -11 - -14. Let i be 4*((-27)/(-12) - t). Let b(j) = j + 1. Determine b(i).
-2
Let o(c) = 0*c + c + c. Suppose -13 - 1 = -2*v + 4*a, 28 = 4*v - 5*a. Let g = -10 + v. What is o(g)?
-6
Let r(z) = z. Let j be r(2). Let n(o) be the first derivative of -3*o**2/2 - 2*o - 8. What is n(j)?
-8
Let x(a) = -2*a + 9. Let s be x(-15). Let d(h) = -22*h + s*h - 19*h. Calculate d(2).
-4
Let m = -1 - -3. Let u(i) be the third derivative of -i**8/6720 + i**6/360 - i**4/6 - 3*i**2. Let q(g) be the second derivative of u(g). Calculate q(m).
-4
Let z(i) be the first derivative of 3/2*i**2 - 1/2*i**3 + 2 + 1/24*i**4 + 0*i. Let r(o) be the second derivative of z(o). Calculate r(5).
2
Suppose -5*q + 4 + 11 = 0. Suppose q = -c - 0*c. Let n(f) = -6*f + 2. Let t(a) = 17*a - 6. Let u(m) = c*t(m) - 8*n(m). What is u(3)?
-7
Let l(g) = -g**2 + 6*g - 1. Let a be l(5). Let p(k) = -1 - 3*k - k - a*k. Suppose 0 = 3*o + 2 + 1. Calculate p(o).
7
Suppose 4*f - 4 - 10 = 5*a, 4*f + 2*a = 0. Let l(m) be the first derivative of f + 1/3*m**3 - 7*m + m**2. What is l(-5)?
8
Let c(f) be the second derivative of f**5/20 - f**4/6 - 3*f**2/2 - 2*f. Determine c(3).
6
Let y(t) = -5*t - 5. Let k(a) = -a**3 - a**2 - a + 1. Let l be k(-2). Let p(z) = -10*z - 11. Let i(r) = l*y(r) - 3*p(r). Let v = 2 - 4. Give i(v).
8
Suppose 6 = 6*a - 0*a. Let w(t) = -4*t - 1. Calculate w(a).
-5
Let b(k) = 5*k**3 - k + 10. Let v(y) = 11*y**3 - 2*y + 21. Let c(j) = -13*b(j) + 6*v(j). Let a(m) be the first derivative of c(m). Give a(-1).
4
Let z be 3/9 + (-15)/(-9). Let k(y) = -3*y + y + z + y - 1. Determine k(1).
0
Let i(j) = -j**2 - 8*j - 4. Let f(z) = -z**3 - 6*z**2 + 6*z - 10. Let u(a) = a**2 + 5*a - 3. Let o be u(-4). Let k be f(o). Give i(k).
11
Let b(h) = 2*h**2 - 6*h + 3. Suppose -3*v = 2*v - 95. Suppose -4*l + 5*q + 73 = -v, 3*l - 2*q = 62. Suppose 4*m = -2*a + l, -m = -4*a - a + 1. Calculate b(m).
11
Let h(z) = 0*z + z + 3 + z**2 + 3 - 2*z. Give h(0).
6
Let n(j) = -109 + 53 + 53 - 3*j - j**2. Let y = -4 + 2. Determine n(y).
-1
Let n(p) = -7*p**2 - 19*p + 11. Let t(k) = 4*k**2 + 10*k - 5. Let o(f) = -3*n(f) - 5*t(f). Let m(r) = -2*r**2 - 6*r + 8. Let i(g) = -2*m(g) - 3*o(g). Give i(6).
-10
Let l(n) be the second derivative of -1/2*n**2 - 1/4*n**4 + 0 - 1/20*n**5 - 2/3*n**3 + 5*n. Calculate l(-3).
11
Let m(s) = -s**2 + s + 1. Suppose -5*t + 4*r = -34, -3*t = r - 0*r - 17. Suppose -t*c = -c + 10. Give m(c).
-5
Let u(n) = 6*n**3 + 6*n**2 + 5*n. Let h(d) = d**3 + d**2 + d + 1. Let x(w) = 5*h(w) - u(w). Give x(0).
5
Let p(d) = d - 2. Suppose 25 = -3*n + 2*v, 4*n - 5*n - 15 = v. Let u(x) = -x**3 + 6*x**2 - x - 5. Let f be u(5). Let m = n + f. Determine p(m).
2
Suppose 5*d = -d + 18. Let n(s) = s**3 - 2*s**2 - 2*s + 2. Calculate n(d).
5
Let c(a) = a - 8. Let u = -1 + 0. Let s be 2/(u + 7/5). What is c(s)?
-3
Let d = -74 + 75. Let a(h) = -5*h**2 + 2*h - 1. Calculate a(d).
-4
Let k(u) = 9 + 8*u**2 - 10 - 6*u**2 + u. Give k(-2).
5
Let j(p) = -p**3 - 3*p**2 + 6*p + 5. Suppose -f - 20 = 3*f. Let t be -3 - f - 6/1. Give j(t).
-3
Suppose 5*j - 5 = 4*n - 2*n, 0 = -4*j - 4*n + 32. Let x = j + -6. Let h(p) be the first derivative of p**3/3 + p**2 - 1. Calculate h(x).
3
Let v(c) =